{"id":5149,"date":"2022-05-20T11:36:00","date_gmt":"2022-05-20T11:36:00","guid":{"rendered":"https:\/\/phytosemsarl.com\/?post_type=product&#038;p=5149"},"modified":"2026-02-17T01:52:58","modified_gmt":"2026-02-17T01:52:58","slug":"x-fert-granules","status":"publish","type":"product","link":"https:\/\/phytosemsarl.com\/index.php\/produit\/x-fert-granules\/","title":{"rendered":"X-FERT GRANULES"},"content":{"rendered":"","protected":false},"excerpt":{"rendered":"<p>C&rsquo;est un produit con\u00e7u pour am\u00e9liorer les propri\u00e9t\u00e9s physiques, chimiques et biologiques du sol;<br \/>\nen particulier sa capacit\u00e9 \u00e0 fournir une nutrition correcte pour les plantes. Il est utilis\u00e9 pour am\u00e9liorer la structure du sol qui a \u00e9t\u00e9 endommag\u00e9 par une gestion inad\u00e9quate pour augmenter la capacit\u00e9 d&rsquo;\u00e9change de cations et am\u00e9liorer la p\u00e9n\u00e9tration de l&rsquo;eau de surface<br \/>\nAVANTAGES DES GRANULES X-FERT<br \/>\nX-FERT GRANULES d\u00e9compose les sols argileux lourds et ajoute de l&rsquo;humus aux sols sableux:<br \/>\nX-FERT GRANULES est une source de mati\u00e8re organique volumineuse.<br \/>\nX-FERT GRANULES contient naturellement de l&rsquo;azote \u00e0 lib\u00e9ration lente.<br \/>\nX-FERT GRANULES contient un mat\u00e9riau siliceux qui contr\u00f4le les insectes et les ravageurs.<br \/>\nAugmente le rendement des cultures.<br \/>\nAugmente la perm\u00e9abilit\u00e9 des membranes v\u00e9g\u00e9tales.<br \/>\nAugmente l&rsquo;absorption de nutriments<br \/>\nAm\u00e9liore la croissance des microorganismes du sol.<br \/>\nActive les processus biochimiques dans les plantes.<br \/>\nStimule le d\u00e9veloppement des racines.<br \/>\nAm\u00e9liore l&rsquo;utilisation du phosphate des plantes.<br \/>\nPoss\u00e8de une capacit\u00e9 d&rsquo;\u00e9change de base \u00e9lev\u00e9e.<br \/>\nStimule la croissance des plantes.<br \/>\nCULTURES SUGG\u00c9R\u00c9ES<br \/>\nCanne \u00e0 sucre, Jackfruits, Ananas, Coton, Piments, Raisins, Grenade; Cultures de fleurs, Jasmin<br \/>\nRoses, L\u00e9gumes (Tomate, Pois, Caps\u00edcum, Chou, Chou-fleur, etc.)Cucurbitac\u00e9es, Soja, Arachide<br \/>\nGram, Riz, Bl\u00e9.<br \/>\nDOSE<br \/>\nL\u00e9gumes: 5 kg par acre,<br \/>\nCultures horticoles: 50 g-75 g par plante.<br \/>\nGrandes cultures: 10 kg par acre<br \/>\nCultures de mangues, de noix de coco et de bananes: 100 Gms par plante.<br \/>\nCulture de la canne \u00e0 sucre: 10 \u00e0 15 kg par acre (selon la saison de plantation)<br \/>\nEMBALLAGE DISPONIBLE:5 kg<\/p>\n","protected":false},"featured_media":5217,"comment_status":"open","ping_status":"closed","template":"","meta":{"om_disable_all_campaigns":false,"_monsterinsights_skip_tracking":false,"_monsterinsights_sitenote_active":false,"_monsterinsights_sitenote_note":"","_monsterinsights_sitenote_category":0,"site-sidebar-layout":"default","site-content-layout":"default","ast-site-content-layout":"default","site-content-style":"default","site-sidebar-style":"default","ast-global-header-display":"","ast-banner-title-visibility":"","ast-main-header-display":"","ast-hfb-above-header-display":"","ast-hfb-below-header-display":"","ast-hfb-mobile-header-display":"","site-post-title":"","ast-breadcrumbs-content":"","ast-featured-img":"","footer-sml-layout":"","ast-disable-related-posts":"","theme-transparent-header-meta":"default","adv-header-id-meta":"","stick-header-meta":"","header-above-stick-meta":"","header-main-stick-meta":"","header-below-stick-meta":"","astra-migrate-meta-layouts":"default","ast-page-background-enabled":"default","ast-page-background-meta":{"desktop":{"background-color":"","background-image":"","background-repeat":"repeat","background-position":"center center","background-size":"auto","background-attachment":"scroll","background-type":"","background-media":"","overlay-type":"","overlay-color":"","overlay-opacity":"","overlay-gradient":""},"tablet":{"background-color":"","background-image":"","background-repeat":"repeat","background-position":"center center","background-size":"auto","background-attachment":"scroll","background-type":"","background-media":"","overlay-type":"","overlay-color":"","overlay-opacity":"","overlay-gradient":""},"mobile":{"background-color":"","background-image":"","background-repeat":"repeat","background-position":"center center","background-size":"auto","background-attachment":"scroll","background-type":"","background-media":"","overlay-type":"","overlay-color":"","overlay-opacity":"","overlay-gradient":""}},"ast-content-background-meta":{"desktop":{"background-color":"var(--ast-global-color-5)","background-image":"","background-repeat":"repeat","background-position":"center center","background-size":"auto","background-attachment":"scroll","background-type":"","background-media":"","overlay-type":"","overlay-color":"","overlay-opacity":"","overlay-gradient":""},"tablet":{"background-color":"var(--ast-global-color-5)","background-image":"","background-repeat":"repeat","background-position":"center center","background-size":"auto","background-attachment":"scroll","background-type":"","background-media":"","overlay-type":"","overlay-color":"","overlay-opacity":"","overlay-gradient":""},"mobile":{"background-color":"var(--ast-global-color-5)","background-image":"","background-repeat":"repeat","background-position":"center center","background-size":"auto","background-attachment":"scroll","background-type":"","background-media":"","overlay-type":"","overlay-color":"","overlay-opacity":"","overlay-gradient":""}}},"product_brand":[],"product_cat":[33],"product_tag":[],"class_list":{"0":"post-5149","1":"product","2":"type-product","3":"status-publish","4":"has-post-thumbnail","6":"product_cat-produits","7":"desktop-align-left","8":"tablet-align-left","9":"mobile-align-left","11":"first","12":"instock","13":"shipping-taxable","14":"product-type-simple"},"aioseo_notices":[],"jetpack-related-posts":[],"jetpack_sharing_enabled":true,"_links":{"self":[{"href":"https:\/\/phytosemsarl.com\/index.php\/wp-json\/wp\/v2\/product\/5149","targetHints":{"allow":["GET"]}}],"collection":[{"href":"https:\/\/phytosemsarl.com\/index.php\/wp-json\/wp\/v2\/product"}],"about":[{"href":"https:\/\/phytosemsarl.com\/index.php\/wp-json\/wp\/v2\/types\/product"}],"replies":[{"embeddable":true,"href":"https:\/\/phytosemsarl.com\/index.php\/wp-json\/wp\/v2\/comments?post=5149"}],"wp:featuredmedia":[{"embeddable":true,"href":"https:\/\/phytosemsarl.com\/index.php\/wp-json\/wp\/v2\/media\/5217"}],"wp:attachment":[{"href":"https:\/\/phytosemsarl.com\/index.php\/wp-json\/wp\/v2\/media?parent=5149"}],"wp:term":[{"taxonomy":"product_brand","embeddable":true,"href":"https:\/\/phytosemsarl.com\/index.php\/wp-json\/wp\/v2\/product_brand?post=5149"},{"taxonomy":"product_cat","embeddable":true,"href":"https:\/\/phytosemsarl.com\/index.php\/wp-json\/wp\/v2\/product_cat?post=5149"},{"taxonomy":"product_tag","embeddable":true,"href":"https:\/\/phytosemsarl.com\/index.php\/wp-json\/wp\/v2\/product_tag?post=5149"}],"curies":[{"name":"wp","href":"https:\/\/api.w.org\/{rel}","templated":true}]}}